NOAA-Style Climate Reports

Select a Year or Month report
2018: Jan Feb Mar Apr May Jun Jul Aug Sep Oct Nov Dec
2017: Jan Feb Mar Apr May Jun Jul Aug Sep Oct Nov Dec
2016: Jan Feb Mar Apr May Jun Jul Aug Sep Oct Nov Dec
2015: Jan Feb Mar Apr May Jun Jul Aug Sep Oct Nov Dec

Report for 2018
                   Annual Climatological Summary for 2018

Name: Picton Weather   City: Picton   State: New Zealand
Elevation: 6 m  Lat: S 41 17 35   Lon: E 173 59 57

                  Temperature (°C), Heat Base: 18.3  Cool Base: 18.3
                          Dep.  Heat  Cool                       Max  Max  Min  Min
        Mean  Mean        From  Deg   Deg                        >=   <=   <=   <=
 YR MO  Max   Min   Mean  Norm  Days  Days  Hi  Date  Low  Date 27.0  0.0  0.0 -18.0
------------------------------------------------------------------------------------
 18  1  25.1  15.8  20.1   0.0    24    80  28.9  29  10.6    7    7    0    0    0
 18  2  22.7  13.6  18.2   0.0    47    45  27.9  13   9.2    9    1    0    0    0
 18  3  21.7  12.0  16.6   0.0    83    30  26.3   3   6.7   11    0    0    0    0
 18  4  18.4   8.3  13.4   0.0   155     7  24.2   4   1.2   12    0    0    0    0
 18  5  15.9   6.3  10.9   0.0   229     1  21.7   9  -0.4   29    0    0    1    0
 18  6  12.3   4.8   8.3   0.0   300     0  16.4  16  -1.7   27    0    0    5    0
 18  7  13.4   4.4   8.6   0.0   300     0  16.8  29   0.1    4    0    0    0    0
 18  8  14.5   5.3   9.5   0.0   272     0  17.8   6   1.4   11    0    0    0    0
 18  9  15.6   5.9  10.6   0.0   232     0  21.7  14   0.8    9    0    0    0    0
 18 10  17.4   7.5  12.5   0.0   181     2  21.1  22   1.1   14    0    0    0    0
 18 11  19.6   9.2  14.7   0.0    62     5  22.8  14   2.9    2    0    0    0    0
 18 12
------------------------------------------------------------------------------------
        17.9   8.5  13.1   0.0  1882   171  28.9 Jan  -1.7  Jun    8    0    6    0

                                Precipitation (mm)

              Dep.   Max        Days of Rain
              From   Obs.           >=
 YR MO Total  Norm   Day Date  0.2  2.0 20.0
---------------------------------------------
 18  1  95.2   0.0  31.6   5    16    8    1
 18  2 194.5   0.0  74.8  20    10    9    4
 18  3  78.7   0.0  29.0  22    19    5    1
 18  4 120.1   0.0  47.5  10    15    5    3
 18  5 157.3   0.0  44.2  16    23   11    2
 18  6 227.6   0.0  99.6  12    25   11    2
 18  7 129.4   0.0  61.0   8    25   10    1
 18  8  93.6   0.0  25.9  20    28    9    1
 18  9  55.5   0.0  17.5  17    12    5    0
 18 10  52.0   0.0  15.4  11    11    7    0
 18 11  20.1   0.0  15.6   9     5    2    0
---------------------------------------------
      1224.0   0.0  99.6  Jun  189   82   15

                                Wind Speed (km/h)
                          Dom
 YR MO   Avg.  Hi   Date  Dir
------------------------------
 18  1   5.5  48.3   31    NE
 18  2   7.6  75.6    1    NE
 18  3   5.9  83.7    8   ENE
 18  4   5.8  88.5   10     E
 18  5   4.8  54.7   20   ESE
 18  6   6.0  86.9   12     S
 18  7   4.9  72.4    8    NE
 18  8   3.9  53.1    8    NE
 18  9   7.1  75.6    6   ESE
 18 10   6.3  69.2   12   NNE
 18 11   7.9  67.6    8   NNE
 18 12
------------------------------
         6.0  88.5  Apr   ENE