NOAA-Style Climate Reports

Select a Year or Month report
2019: Jan Feb Mar Apr May Jun Jul Aug Sep Oct Nov Dec
2018: Jan Feb Mar Apr May Jun Jul Aug Sep Oct Nov Dec
2017: Jan Feb Mar Apr May Jun Jul Aug Sep Oct Nov Dec
2016: Jan Feb Mar Apr May Jun Jul Aug Sep Oct Nov Dec
2015: Jan Feb Mar Apr May Jun Jul Aug Sep Oct Nov Dec

Report for 2018 November
                   Monthly Climatological Summary for Nov 2018

Name: Picton Weather   City: Picton   State: New Zealand
Elevation: 6 m  Lat: S 41 17 35   Lon: E 173 59 57

                  Temperature (°C), Rain (mm), Wind Speed (km/h)

                                      Heat  Cool        Avg
    Mean                              Deg   Deg         Wind                 Dom
Day Temp  High   Time   Low    Time   Days  Days  Rain  Speed High   Time    Dir
----------------------------------------------------------------------------------
01  10.9  13.9   16:47   6.8   23:59   7.4   0.0   1.4   6.3  46.7   09:27   SSE
02  10.8  17.1   15:16   2.9   05:38   7.5   0.0   0.0   4.9  27.4   16:33     N
03  15.2  18.4   20:05  10.6   03:06   3.1   0.0   2.4  12.1  48.3   17:43   NNE
04  15.9  19.2   14:59  10.4   23:59   2.4   0.0   0.0   8.4  49.9   03:51     N
05  14.2  21.8   15:16   6.2   06:40   4.7   0.7   0.0   5.0  24.1   16:36     N
06  14.8  20.6   15:15   8.4   03:39   3.8   0.3   0.0   6.7  25.7   14:33     N
07  16.9  18.9   11:14  12.8   05:04   1.4   0.0   0.0  13.0  43.5   21:52     N
08  18.2  19.8   08:02  17.1   04:20   0.3   0.2   0.5  16.5  67.6   14:15   NNE
09  15.8  18.7   00:45  10.2   23:39   2.5   0.0  15.6  11.0  43.5   00:31   NNE
10  12.3  17.1   17:11   8.8   23:58   6.0   0.0   0.2   6.2  30.6   01:26   SSE
11  12.7  19.6   15:20   5.7   04:52   5.7   0.1   0.0   3.6  19.3   13:58     N
12  14.4  20.7   15:08   7.7   05:54   4.3   0.5   0.0   5.0  29.0   19:44   NNE
13  14.4  21.7   14:55   9.3   03:10   4.2   0.4   0.0   5.3  40.2   16:10   ESE
14  16.3  22.8   16:51   8.8   06:09   3.2   1.2   0.0   5.4  20.9   12:27     N
15  16.6  22.1   13:08   9.4   05:20   2.9   1.2   0.0   7.9  43.5   13:45     N
16  16.5  21.2   13:21  11.3   06:12   2.4   0.7   0.0   9.0  43.5   13:27     N
17  15.3  19.1   10:12  10.1   04:15   3.1   0.0   0.5   6.7  29.0   10:04   NNE
18  17.2  21.2   13:41  13.1   22:10   1.7   0.6   0.0   9.4  45.1   19:38     N
19   9.9  14.9   13:49   6.3   21:06   8.4   0.0   6.5   6.9  40.2   14:48     S
20   9.6  14.7   17:46   5.3   06:04   8.7   0.0   1.2   5.4  32.2   13:26     N
21  11.5  17.4   15:27   3.9   06:09   6.8   0.0   0.0   5.4  29.0   12:54     N
22  13.5  18.2   13:54   9.4   05:01   4.8   0.0   1.4  10.3  45.1   13:09     S
23  15.3  19.8   16:03  12.8   08:23   3.1   0.1   1.0   8.7  37.0   00:32     S
24  16.2  19.3   18:09  13.5   06:40   2.1   0.0   2.9   4.3  22.5   00:20     S
25  15.7  19.5   12:06  14.2   02:58   2.6   0.0  14.9   8.0  48.3   23:40   SSE
26  13.9  15.0   00:00  12.9   14:52   4.4   0.0 122.6  10.2  59.5   23:58   SSE
27  15.0  19.3   15:25  12.1   08:43   3.4   0.1   7.9  11.4  54.7   17:16     S
28  14.7  17.1   11:58  13.3   05:34   3.6   0.0  17.3  10.3  41.8   07:26     S
29  14.8  18.4   13:50  12.7   03:59   3.5   0.0   0.0   8.0  40.2   05:49   SSE
30  15.1  19.2   16:42  12.1   06:24   3.2   0.0   0.7   7.7  32.2   07:24     S
----------------------------------------------------------------------------------
    14.5  22.8    14     2.9     2   121.2   6.1 197.0   8.0  67.6     8      NE

Max >=  27.0  0
Max <=   0.0  0
Min <=   0.0  0
Min <= -18.0  0
Max Rain: 122.6 on day 26
Days of Rain: 16 (>= 0.2 mm)  8 (>= 2.0 mm)  1 (>= 20.0 mm)
Heat Base: 18.3  Cool Base: 18.3  Method: Integration